mmon factor of 4 and q?
4
Let h be (7/(-2))/((18/8)/(-9)). Let z(p) = -3*p**3 - 2*p**2 - 2*p - 1. Let f be z(-1). Suppose c + f*c - 6 = 0. What is the highest common divisor of h and c?
2
Let h be 1179/7 + (-3)/7. Suppose 2*i = 2*m - 0*m - h, 0 = -3*m + 2*i + 256. What is the highest common factor of m and 22?
22
Let a(h) = 9*h**2 - 2*h - 4. Let r be a(-3). Let y be 121 + -2*(-1)/(-1). Let i = y - r. What is the highest common factor of i and 9?
9
Suppose -r = 4*h - 50, 6*h = 4*r + 3*h - 105. What is the highest common divisor of 10 and r?
10
Let s be 42/4 - 1/2. Let i(m) = -5*m + 5. Let t be i(1). Let k be 73 + t + -1 - (-7 + 9). What is the highest common factor of s and k?
10
Suppose 3*l = l - 18. Let d = l - -41. Calculate the greatest common divisor of d and 32.
32
Let v be 7/(1*(-3)/3). Let u be -24*(0 + v + 2). Let f be (u/(-50))/((-2)/10). Calculate the greatest common factor of f and 6.
6
Let d = 3029 + -2942. Let n be 0/1 - (-53 - 5). Calculate the highest common factor of n and d.
29
Let m(o) = -o**3 - 14*o**2 + 14*o - 8. Let h be m(-15). What is the highest common divisor of 112 and h?
7
Let l(b) be the third derivative of 1/2*b**3 - 3/8*b**4 + 3*b**2 - 1/60*b**5 + 0 + 0*b. Let p be l(-9). What is the highest common factor of p and 21?
3
Let f(x) = x**3 - 15*x**2 - x + 15. Let c be f(15). Let s be (c - -4)*1*(3 - 0). What is the greatest common divisor of s and 72?
12
Suppose 5*w - 2 - 8 = 0. Suppose -2*o = w*o - 40. Suppose -15 = -2*n + l, -3*n = -4*n + l + o. Calculate the greatest common factor of 10 and n.
5
Suppose 5*g - l + 42 = -2*l, -3*g - 4*l = 32. Let h = g - -19. What is the highest common divisor of 33 and h?
11
Let s(b) = -5*b**3 - 6*b**2 + 24*b + 20. Let z be s(-6). What is the greatest common factor of 222 and z?
74
Suppose -u + 4*x = 0, 4*u + x = -0*u + 51. Let i(c) = -c + 10. Let h be i(6). What is the highest common divisor of u and h?
4
Let k = 976 - 939. Calculate the highest common divisor of k and 629.
37
Let h = 107 - 8. Let x be 11 + (-1 - (-1)/(-1)). What is the highest common factor of h and x?
9
Suppose 2*m + 100 = 2*q, -m - 2 + 7 = 0. Let n = q - 18. What is the highest common divisor of n and 111?
37
Let q = 251 + -231. Calculate the greatest common divisor of q and 250.
10
Suppose -24*u = -22*u - 5*t - 118, 5*u - 312 = 4*t. What is the highest common divisor of u and 272?
16
Let m be -1*(-27)/18*78. What is the highest common divisor of 9 and m?
9
Let i be 28/(-6)*(-291)/2. Let a be 92/20 + (-2)/(-5). Suppose a*r - i = 311. Calculate the greatest common factor of r and 22.
22
Let l be 3/((-48)/(-52))*4. Calculate the highest common divisor of 13 and l.
13
Suppose 3240 + 1212 = 7*r. What is the highest common divisor of r and 12?
12
Let v = 63 + -41. Let a = 75 + -53. Calculate the greatest common factor of v and a.
22
Let l(u) = u**3 + 11*u**2 - 13*u - 6. Let p be l(-12). Suppose 7*c - p*c - 13 = 0. Let y be 202/4 - 39/(-26). What is the highest common factor of y and c?
13
Let x(c) = -3*c - 2. Suppose 2*d + 26 = -5*g, 2*g = -g + 2*d - 22. Let t be x(g). Calculate the highest common factor of t and 2.
2
Let x be (-1 - -1) + (-576)/(-9). What is the greatest common divisor of 96 and x?
32
Let m(z) = 610*z + 4990. Let j be m(-8). Suppose 2*k - 17 = 5*l + 23, 0 = -5*k + 4*l + 66. What is the highest common factor of j and k?
10
Let d = -218 - -368. Calculate the greatest common factor of 60 and d.
30
Let g(s) = -5*s - 8. Let o be g(9). Let d = o - -9. Let m be 4/2*d/(-8). Calculate the highest common divisor of 11 and m.
11
Suppose -34*x + 88128 = -0*x. Calculate the highest common factor of x and 54.
54
Let o = -69 - -249. Calculate the greatest common divisor of 300 and o.
60
Let p = -349 - -399. Calculate the greatest common factor of p and 175.
25
Let z be 2/(-8) + 130/8. Suppose -z*g + 150 = -10*g. What is the greatest common divisor of 175 and g?
25
Suppose -93 = -3*w + 9. Let o = w - 31. Let y = 19 + -4. Calculate the greatest common factor of y and o.
3
Let p be (-1*12/(-5))/(21/(-105)). Let x(s) = s**3 + 13*s**2 + s - 4. Let c be x(p). Calculate the highest common factor of 16 and c.
16
Let p(c) = 5*c**2 - 4*c - 2. Suppose 5*a = 4*a - 3. Let w be p(a). Calculate the greatest common factor of 11 and w.
11
Suppose -4*q - 10 + 62 = 0. Suppose c - 11 - q = 0. Let r = -11 + c. Calculate the greatest common factor of r and 117.
13
Let w(t) = 14*t**2 + 4*t - 8. Let m be w(4). What is the greatest common factor of m and 29?
29
Suppose -6*c + 9*c = 9. Let o be (-2 - -28) + -2 + c. What is the greatest common factor of 3 and o?
3
Let t = -24 - -162. Calculate the highest common factor of t and 92.
46
Suppose -74 = 2*f - 6*f - 5*t, 4*f - 62 = t. Let o(l) = -l**2 + 18*l - 17. Let h be o(f). Let v = -41 + 101. Calculate the greatest common factor of v and h.
15
Suppose 42*o + 53*o - 43758 = -58*o. Let w = 14 + 12. What is the greatest common divisor of o and w?
26
Suppose -28 = -56*z + 49*z. Suppose -4*i - 3 = z*p + i, i = -p. Calculate the greatest common factor of p and 2.
1
Let m be ((-300)/(-44) - 7) + 336/33. What is the highest common divisor of m and 8?
2
Let i(p) = 13*p - 79. Let q be i(7). Suppose 0 = 2*m - 2*k - 4, 0 = -2*m - 4*k - 0*k - 14. Let a be -1*2*m*30. Calculate the highest common factor of a and q.
12
Suppose 9 = 2*v + x, -3*x + 6 = 4*v - 17. Suppose v*j - 39 = -5*i, 0*j + j = -i + 15. What is the greatest common divisor of j and 2?
2
Let a be 2835/(-21)*3/(-9). What is the greatest common factor of 63 and a?
9
Let c be (12/15)/(2/(-10)). Let l be ((-10)/c)/(1/2). Suppose -m + 4*a = -6*m + 21, a = -5*m + 24. Calculate the highest common factor of m and l.
5
Suppose 2*c - 41 = -47. Let d be (4 + c)/((-4)/(-448)). Calculate the highest common divisor of d and 16.
16
Suppose -7*z + 12*z - b = 428, -3 = b. Calculate the greatest common factor of 1700 and z.
85
Let d(i) = -i**2 - 2*i + 8. Let o be d(-6). Let x be 1098/48 - 2/o. Let g = -68 + 160. Calculate the greatest common factor of x and g.
23
Let i = -781 - -811. Calculate the greatest common divisor of 180 and i.
30
Let v = 251 + 358. What is the highest common factor of 21 and v?
21
Let s(k) = 20*k - 10. Let o be s(6). Suppose -354 = -2*u + o. Let a be (-88)/154 + u/14. Calculate the greatest common divisor of 16 and a.
16
Suppose i + 2*s + 46 = 2*i, 0 = -i + 4*s + 52. Let f = -73 + 43. Let n be (-1)/(0 + 3/f). What is the highest common factor of n and i?
10
Let r = -2174 - -2272. What is the greatest common factor of r and 882?
98
Let p = 20 - 23. Let v(x) = 3*x**2 - 4*x + 1. Let h be v(p). What is the greatest common factor of h and 8?
8
Let r = 37 - 17. Let b = r + -19. Calculate the highest common divisor of 7 and b.
1
Let c = -11 + 14. Suppose -2*o + c*o - 1102 = 0. Suppose -q = -5*g - 230, -3*q + g = 2*q - o. Calculate the highest common divisor of q and 20.
20
Let d = 11 + -7. Let k = d - 0. Suppose 8 = -0*q + q. What is the highest common factor of q and k?
4
Let b(f) = -2*f + 2. Let g be b(0). Suppose g*r - 6*r = -80. Let j = -7 + r. Calculate the greatest common divisor of j and 65.
13
Let s = -114 + 123. Calculate the highest common factor of s and 81.
9
Let i(u) = 35*u**2 + 9*u - 5. Let n be i(2). Calculate the highest common factor of 27 and n.
9
Let q be 4/(-10) + (-2304)/(-60). Let c = q - 36. What is the highest common divisor of 16 and c?
2
Suppose -y + 2 = -2*y. Let i be (2 + y)/(-1) + 12. Suppose 0 = -0*k - 3*k + 4*a + 52, -4*k + 60 = -3*a. Calculate the greatest common factor of i and k.
12
Suppose 4*c + 1 = -c + 3*l, 0 = -3*c - 5*l + 13. Let y(i) = 46*i**2 - 2*i + 1. Let h be y(c). Calculate the greatest common divisor of h and 27.
9
Suppose -4*r + c - 6*c + 55 = 0, -5*r + 4*c + 38 = 0. Suppose 19*a - 50 - 45 = 0. What is the greatest common divisor of r and a?
5
Let r(o) = -17*o - 60. Let i be r(-8). Calculate the highest common factor of i and 114.
38
Let d be 2/(-13) - 196/(-91). Suppose -d*l = -0*l + 8, 2*n = l + 8. What is the greatest common divisor of 7 and n?
1
Let n = 2342 + 826. What is the highest common factor of n and 16?
16
Let w(b) = b + 4. Let a be w(-3). Let o(k) be the second derivative of 19*k**3/3 + k**2 + 12*k. Let u be o(a). Calculate the highest common factor of u and 8.
8
Suppose 6*p = p